      
            
      {"id":812,"date":"2012-08-25T14:34:21","date_gmt":"2012-08-25T13:34:21","guid":{"rendered":"http:\/\/www.mykessel.com\/blog\/?page_id=812"},"modified":"2018-09-22T17:43:50","modified_gmt":"2018-09-22T16:43:50","slug":"mm-qualitats-check","status":"publish","type":"page","link":"https:\/\/www.mykessel.com\/blog\/?page_id=812","title":{"rendered":"der Qualit\u00e4ts-Check"},"content":{"rendered":"<p>Der Qualit\u00e4ts-Check oder auch Mystery-Check genannt, ist nur in Verbindung mit der\u00a0 Software &#8211; MyKessel3.0 &#8211; \u00a0erh\u00e4ltlich. Es wird von Kunden in Anspruch genommen, die in Ihren Betrieben die <strong><\/strong> Software n\u00fctzen und einen zus\u00e4tzlichen Qualit\u00e4ts-Check von uns haben m\u00f6chten. Der Check dauert einen Tag und beinhaltet eine Begehung der K\u00fcche und ein Beratergespr\u00e4ch mit dem K\u00fcchenverantwortlichen, basierend auf den von ihm eingegeben Daten im Programm.<\/p>\n<p>Diese zus\u00e4tzliche Kontrolle wird stichprobenartig durchgef\u00fchrt und sehr kurzfristig angemeldet.<\/p>\n<p><script type=\"text\/javascript\">\/\/ <![CDATA[\n\n\n  var _gaq = _gaq || [];\n  _gaq.push(['_setAccount', 'UA-36046944-1']);\n  _gaq.push(['_trackPageview']);\n\n  (function() {\n    var ga = document.createElement('script'); ga.type = 'text\/javascript'; ga.async = true;\n    ga.src = ('https:' == document.location.protocol ? 'https:\/\/ssl' : 'http:\/\/www') + '.google-analytics.com\/ga.js';\n    var s = document.getElementsByTagName('script')[0]; s.parentNode.insertBefore(ga, s);\n  })();\n\n\/\/ ]]><\/script><\/p>\n","protected":false},"excerpt":{"rendered":"<p>Der Qualit\u00e4ts-Check oder auch Mystery-Check genannt, ist nur in Verbindung mit der\u00a0 Software &#8211; MyKessel3.0 &#8211; \u00a0erh\u00e4ltlich. Es wird von Kunden in Anspruch genommen, die in Ihren Betrieben die Software n\u00fctzen und einen zus\u00e4tzlichen Qualit\u00e4ts-Check von uns haben m\u00f6chten. Der &hellip; <a href=\"https:\/\/www.mykessel.com\/blog\/?page_id=812\">Weiterlesen <span class=\"meta-nav\">&rarr;<\/span><\/a><\/p>\n","protected":false},"author":54,"featured_media":0,"parent":524,"menu_order":0,"comment_status":"closed","ping_status":"closed","template":"","meta":{"footnotes":""},"_links":{"self":[{"href":"https:\/\/www.mykessel.com\/blog\/index.php?rest_route=\/wp\/v2\/pages\/812"}],"collection":[{"href":"https:\/\/www.mykessel.com\/blog\/index.php?rest_route=\/wp\/v2\/pages"}],"about":[{"href":"https:\/\/www.mykessel.com\/blog\/index.php?rest_route=\/wp\/v2\/types\/page"}],"author":[{"embeddable":true,"href":"https:\/\/www.mykessel.com\/blog\/index.php?rest_route=\/wp\/v2\/users\/54"}],"replies":[{"embeddable":true,"href":"https:\/\/www.mykessel.com\/blog\/index.php?rest_route=%2Fwp%2Fv2%2Fcomments&post=812"}],"version-history":[{"count":8,"href":"https:\/\/www.mykessel.com\/blog\/index.php?rest_route=\/wp\/v2\/pages\/812\/revisions"}],"predecessor-version":[{"id":2780,"href":"https:\/\/www.mykessel.com\/blog\/index.php?rest_route=\/wp\/v2\/pages\/812\/revisions\/2780"}],"up":[{"embeddable":true,"href":"https:\/\/www.mykessel.com\/blog\/index.php?rest_route=\/wp\/v2\/pages\/524"}],"wp:attachment":[{"href":"https:\/\/www.mykessel.com\/blog\/index.php?rest_route=%2Fwp%2Fv2%2Fmedia&parent=812"}],"curies":[{"name":"wp","href":"https:\/\/api.w.org\/{rel}","templated":true}]}}