      
            
      {"id":740,"date":"2012-08-16T09:49:25","date_gmt":"2012-08-16T08:49:25","guid":{"rendered":"http:\/\/www.mykessel.com\/blog\/?page_id=740"},"modified":"2013-07-04T16:13:13","modified_gmt":"2013-07-04T15:13:13","slug":"schulen","status":"publish","type":"page","link":"https:\/\/www.mykessel.com\/blog\/?page_id=740","title":{"rendered":"Schulen\/Mensen"},"content":{"rendered":"<p>Ob Mensen, Schulen oder Kinderg\u00e4rten, die Nahrung hat einen direkten Einfluss auf das Verhalten und die Lernleistung der Kinder und Jugendlichen. Schlechte Ern\u00e4hrung, zu viel Junkfood, zu wenig Bewegung sind f\u00fcr die Probleme der fettleibigen Kinder mitverantwortlich. Uns ist klar: Die dicken Kinder von heute sind meist die dicken Erwachsenen von Morgen. Ern\u00e4hrung in der Schule sehen wir als Teil des Unterrichts und kann daher nur in Zusammenarbeit mit den P\u00e4dagogen geschehen. Das gemeinsame Finden von L\u00f6sungen und Strategien geh\u00f6rt zu unserer t\u00e4glichen Arbeit. Ohne die Bereitschaft der Schulleitung und der Lehrerschaft brauchen Sie bei uns keinen Termin vereinbaren.<\/p>\n<blockquote>\n<p style=\"text-align: center;\">\u201eGibt es etwas Besseres als seine gute Leistung schwarz auf wei\u00df zu sehen? Vergabe von Kesseln, Bl\u00e4ttern oder die Top 100 sind fantastische Mittel meine Mitarbeiter zu motivieren und meinen G\u00e4sten zu zeigen, wie gut wir arbeiten.\u201c<\/p>\n<p style=\"text-align: center;\">Alexander Schedl, Betriebsleiter Mensa Linz<\/p>\n<\/blockquote>\n<p><iframe loading=\"lazy\" src=\"http:\/\/www.youtube.com\/embed\/O61-1h1UPus?feature=player_detailpage\" height=\"360\" width=\"640\" allowfullscreen=\"\" frameborder=\"0\"><\/iframe><\/p>\n<p><strong><a title=\"MyKessel 3.0, eine Revolution in der Gro\u00dfgastronomie\u2026\" href=\"http:\/\/www.mykessel.com\/blog\/?p=457\">Mykessel3.0<\/a>\u00a0\u00a0\u00a0 <a title=\"M&amp;M System\" href=\"http:\/\/www.mykessel.com\/blog\/?page_id=524\">M&amp;M Zertifizierung<\/a>\u00a0\u00a0\u00a0 <a title=\"M&amp;M Premium-Paket\" href=\"http:\/\/www.mykessel.com\/blog\/?page_id=710\">M&amp;M Premium-Paket<\/a>\u00a0\u00a0\u00a0 <a title=\"Seminare\" href=\"http:\/\/www.mykessel.com\/blog\/?page_id=130\">Weiterbildung<\/a>\u00a0\u00a0 <\/strong><\/p>\n","protected":false},"excerpt":{"rendered":"<p>Ob Mensen, Schulen oder Kinderg\u00e4rten, die Nahrung hat einen direkten Einfluss auf das Verhalten und die Lernleistung der Kinder und Jugendlichen. Schlechte Ern\u00e4hrung, zu viel Junkfood, zu wenig Bewegung sind f\u00fcr die Probleme der fettleibigen Kinder mitverantwortlich. Uns ist klar: &hellip; <a href=\"https:\/\/www.mykessel.com\/blog\/?page_id=740\">Weiterlesen <span class=\"meta-nav\">&rarr;<\/span><\/a><\/p>\n","protected":false},"author":54,"featured_media":0,"parent":717,"menu_order":0,"comment_status":"closed","ping_status":"closed","template":"","meta":{"footnotes":""},"_links":{"self":[{"href":"https:\/\/www.mykessel.com\/blog\/index.php?rest_route=\/wp\/v2\/pages\/740"}],"collection":[{"href":"https:\/\/www.mykessel.com\/blog\/index.php?rest_route=\/wp\/v2\/pages"}],"about":[{"href":"https:\/\/www.mykessel.com\/blog\/index.php?rest_route=\/wp\/v2\/types\/page"}],"author":[{"embeddable":true,"href":"https:\/\/www.mykessel.com\/blog\/index.php?rest_route=\/wp\/v2\/users\/54"}],"replies":[{"embeddable":true,"href":"https:\/\/www.mykessel.com\/blog\/index.php?rest_route=%2Fwp%2Fv2%2Fcomments&post=740"}],"version-history":[{"count":9,"href":"https:\/\/www.mykessel.com\/blog\/index.php?rest_route=\/wp\/v2\/pages\/740\/revisions"}],"predecessor-version":[{"id":1808,"href":"https:\/\/www.mykessel.com\/blog\/index.php?rest_route=\/wp\/v2\/pages\/740\/revisions\/1808"}],"up":[{"embeddable":true,"href":"https:\/\/www.mykessel.com\/blog\/index.php?rest_route=\/wp\/v2\/pages\/717"}],"wp:attachment":[{"href":"https:\/\/www.mykessel.com\/blog\/index.php?rest_route=%2Fwp%2Fv2%2Fmedia&parent=740"}],"curies":[{"name":"wp","href":"https:\/\/api.w.org\/{rel}","templated":true}]}}