      
            
      {"id":717,"date":"2012-08-16T09:33:49","date_gmt":"2012-08-16T08:33:49","guid":{"rendered":"http:\/\/www.mykessel.com\/blog\/?page_id=717"},"modified":"2013-12-25T12:30:08","modified_gmt":"2013-12-25T11:30:08","slug":"unsere-kunde","status":"publish","type":"page","link":"https:\/\/www.mykessel.com\/blog\/?page_id=717","title":{"rendered":"Unsere Kunden"},"content":{"rendered":"<ul>\n<li>Unsere Kunden sind in erste Linie Menschen, die versuchen einen guten Job zu machen.<\/li>\n<li>Unsere Kunden wollen den gewissen Unterschied und sind bereit daf\u00fcr professionelle Unterst\u00fctzung von Experten einzuholen.<\/li>\n<li>Unsere Kunden verstehen den Wert einer guten Mahlzeit und haben erkannt, was diese im K\u00f6rper bewirkt.<\/li>\n<li>Unsere Kunden sind neugierig und st\u00e4ndig auf der Suche nach L\u00f6sungen.<\/li>\n<li>Unsere Kunden verstehen, dass es einfacher ist um Rat zu bitten, als alles alleine herauszufinden.<\/li>\n<li>Unsere Kunden wissen, dass sie nicht alles wissen.<\/li>\n<li>Unsere Kunden kennen ihre Grenzen: Sie wissen, dass es unn\u00f6tig und zeitaufwendig ist ein Auto selbst zu bauen, wenn man eines fertige kaufen kann. Sie wissen, dass es unsinnig ist ein Kalkulationsprogramm selber zu schreiben, wenn es Excel gibt. Das Gleiche gilt f\u00fcr Kassasysteme, Wirtschaftsprogramme oder seit Neuem das Qualit\u00e4tssicherungsprogramm MyKessel 3.0.<\/li>\n<li>Unsere Kunden sind Manager, die das Wohl ihrer Mitarbeiter im Auge haben.<\/li>\n<\/ul>\n<p>Es sind Menschen mit Hoffnungen, W\u00fcnschen, Bed\u00fcrfnissen und \u00c4ngsten, so wie jeder von uns.\u00a0Bei uns steht nicht der Kunde im Mittelpunkt, sondern seine Bed\u00fcrfnisse!<\/p>\n<p>Genau diese Bed\u00fcrfnisse sind es, die wir durch <a title=\"Seminare\" href=\"http:\/\/www.mykessel.com\/blog\/?page_id=130\">Seminare<\/a>, <a title=\"Der M&amp;M System-Lehrgang\" href=\"http:\/\/www.mykessel.com\/blog\/?page_id=297\">Workshops<\/a>, <a title=\"Coaching\" href=\"http:\/\/www.mykessel.com\/blog\/?page_id=311\">Coachings<\/a>, <a title=\"Books\" href=\"http:\/\/www.mykessel.com\/blog\/?page_id=134\">B\u00fccher <\/a>oder <a title=\"M&amp;M System\" href=\"http:\/\/www.mykessel.com\/blog\/?page_id=524\">Beratung<\/a> befriedigen m\u00f6chten. Wir sehen uns als Begleiter auf dem Weg in eine bessere Welt. Einer Welt, die wir mit unseren Zielen und Vorstellungen selber erschaffen.<\/p>\n<blockquote><p>\u00a0\u201eWer seine Einbildungskraft und seine F\u00e4higkeiten benutzt,<br \/>\num den Menschen nicht m\u00f6glichst wenig, sondern m\u00f6glichst viel f\u00fcr einen Dollar geben zu k\u00f6nnen, der ist auserw\u00e4hlt f\u00fcr den gro\u00dfen Erfolg.\u201c<\/p>\n<p>Henry Ford<\/p><\/blockquote>\n<p style=\"text-align: left;\"><strong><a title=\"MyKessel 3.0, eine Revolution in der Gro\u00dfgastronomie\u2026\" href=\"http:\/\/www.mykessel.com\/blog\/?p=457\"><span style=\"text-decoration: underline;\">Mykessel3.0<\/span><\/a>\u00a0\u00a0\u00a0\u00a0<a title=\"M&amp;M System\" href=\"http:\/\/www.mykessel.com\/blog\/?page_id=524\"><span style=\"text-decoration: underline;\">M&amp;M Zertifizierung<\/span><\/a>\u00a0\u00a0 \u00a0<a title=\"M&amp;M Premium-Paket\" href=\"http:\/\/www.mykessel.com\/blog\/?page_id=710\"><span style=\"text-decoration: underline;\">M&amp;M Premium-Paket<\/span><\/a>\u00a0\u00a0\u00a0\u00a0<a title=\"Seminare\" href=\"http:\/\/www.mykessel.com\/blog\/?page_id=130\"><span style=\"text-decoration: underline;\">Weiterbildung<\/span><\/a>\u00a0\u00a0 <\/strong><\/p>\n","protected":false},"excerpt":{"rendered":"<p>Unsere Kunden sind in erste Linie Menschen, die versuchen einen guten Job zu machen. Unsere Kunden wollen den gewissen Unterschied und sind bereit daf\u00fcr professionelle Unterst\u00fctzung von Experten einzuholen. Unsere Kunden verstehen den Wert einer guten Mahlzeit und haben erkannt, &hellip; <a href=\"https:\/\/www.mykessel.com\/blog\/?page_id=717\">Weiterlesen <span class=\"meta-nav\">&rarr;<\/span><\/a><\/p>\n","protected":false},"author":54,"featured_media":0,"parent":0,"menu_order":4,"comment_status":"closed","ping_status":"closed","template":"","meta":{"footnotes":""},"_links":{"self":[{"href":"https:\/\/www.mykessel.com\/blog\/index.php?rest_route=\/wp\/v2\/pages\/717"}],"collection":[{"href":"https:\/\/www.mykessel.com\/blog\/index.php?rest_route=\/wp\/v2\/pages"}],"about":[{"href":"https:\/\/www.mykessel.com\/blog\/index.php?rest_route=\/wp\/v2\/types\/page"}],"author":[{"embeddable":true,"href":"https:\/\/www.mykessel.com\/blog\/index.php?rest_route=\/wp\/v2\/users\/54"}],"replies":[{"embeddable":true,"href":"https:\/\/www.mykessel.com\/blog\/index.php?rest_route=%2Fwp%2Fv2%2Fcomments&post=717"}],"version-history":[{"count":8,"href":"https:\/\/www.mykessel.com\/blog\/index.php?rest_route=\/wp\/v2\/pages\/717\/revisions"}],"predecessor-version":[{"id":2099,"href":"https:\/\/www.mykessel.com\/blog\/index.php?rest_route=\/wp\/v2\/pages\/717\/revisions\/2099"}],"wp:attachment":[{"href":"https:\/\/www.mykessel.com\/blog\/index.php?rest_route=%2Fwp%2Fv2%2Fmedia&parent=717"}],"curies":[{"name":"wp","href":"https:\/\/api.w.org\/{rel}","templated":true}]}}