      
            
      {"id":515,"date":"2012-06-19T13:29:01","date_gmt":"2012-06-19T12:29:01","guid":{"rendered":"http:\/\/www.mykessel.com\/blog\/?page_id=515"},"modified":"2017-01-25T13:46:50","modified_gmt":"2017-01-25T12:46:50","slug":"partner","status":"publish","type":"page","link":"https:\/\/www.mykessel.com\/blog\/?page_id=515","title":{"rendered":"Partner"},"content":{"rendered":"<h1><strong><em>Pemcon &amp; Partner<\/em><\/strong><\/h1>\n<p><strong><em><a href=\"http:\/\/www.mykessel.com\/blog\/wp-content\/uploads\/2012\/06\/partner.jpg\"><img loading=\"lazy\" decoding=\"async\" class=\"alignleft size-full wp-image-1997\" alt=\"partner\" src=\"http:\/\/www.mykessel.com\/blog\/wp-content\/uploads\/2012\/06\/partner.jpg\" width=\"143\" height=\"162\" \/><\/a>Verbundenheit &amp; Wachstum<\/em><\/strong> bedeutet miteinander besser zu werden. Sich gemeinsam f\u00fcr eine bessere Welt einzusetzen und zusammen Erfolge zu feiern. Eine Partnerschaft mit gleichdenkenden Menschen, die f\u00fcr dieselben Werte k\u00e4mpfen, sich gegenseitig unterst\u00fctzen und erg\u00e4nzen, so eine Partnerschaft zahlt sich immer aus. Diese Partnerschaften erm\u00f6glichen die bestm\u00f6gliche Dienstleistung f\u00fcr unsere Kunden.<\/p>\n<h1><span style=\"color: #800000;\"><strong>Unsere Partner<\/strong><\/span><\/h1>\n<p>Unsere Partner sind alle Profis mit jahrelange Erfahrung. Alles Experten die eines gemeinsam haben: sie sind mit Leidenschaft dabei, sie wollen ein Unterschied machen und ihr Wissen mit anderen teilen. Es sind Menschen wie\u00a0Sie und ich, die viel gesehen haben und wesentlich zum Erfolg viele erfolgreiche K\u00fcchen beigetragen haben.<\/p>\n<h2><strong>\u00d6sterreich &amp; S\u00fcd-Tirol<\/strong><\/h2>\n<ul>\n<li>\u00a0<a title=\"Peter van Melle\" href=\"http:\/\/www.mykessel.com\/blog\/?page_id=2618\">Pe<img loading=\"lazy\" decoding=\"async\" class=\"wp-image-977 alignleft\" alt=\"peterpass_kl\" src=\"http:\/\/www.mykessel.com\/blog\/wp-content\/uploads\/2012\/09\/peterpass_kl.jpg\" width=\"50\" height=\"74\" \/>ter van Melle<\/a><\/li>\n<\/ul>\n<p>&nbsp;<\/p>\n<ul>\n<li><a href=\"http:\/\/www.mykessel.com\/blog\/wp-content\/uploads\/2013\/10\/BarbaravanMelle-J.jpg\"><img loading=\"lazy\" decoding=\"async\" class=\"alignleft size-medium wp-image-1917\" alt=\"\" src=\"http:\/\/www.mykessel.com\/blog\/wp-content\/uploads\/2013\/10\/BarbaravanMelle-J-258x300.jpg\" width=\"45\" height=\"214\" \/><\/a><a title=\"Barbara van Melle-J\u00e4ger\" href=\"http:\/\/www.mykessel.com\/blog\/?page_id=700\">Barbara van Melle<\/a><\/li>\n<\/ul>\n<p>&nbsp;<\/p>\n<ul>\n<li><a href=\"http:\/\/www.mykessel.com\/blog\/wp-content\/uploads\/2012\/08\/Markus-Koell-Bild-Klein.jpg\"><img loading=\"lazy\" decoding=\"async\" class=\"alignleft size-medium wp-image-707\" alt=\"Markus Koell Bild Klein\" src=\"http:\/\/www.mykessel.com\/blog\/wp-content\/uploads\/2012\/08\/Markus-Koell-Bild-Klein-225x300.jpg\" width=\"48\" height=\"61\" \/><\/a><a title=\"Markus K\u00f6ll\" href=\"http:\/\/www.mykessel.com\/blog\/?page_id=706\">M<\/a><a title=\"Markus K\u00f6ll\" href=\"http:\/\/www.mykessel.com\/blog\/?page_id=706\">arkus K\u00f6ll<\/a><\/li>\n<\/ul>\n<p>&nbsp;<\/p>\n<h2><strong>Deutschland:<\/strong><\/h2>\n<p>Care impuls Vertriebs GmbH<br \/>\nHerr Christian K\u00f6lnsperger<br \/>\nGesch\u00e4ftsf\u00fchrer<br \/>\nB\u00fcrgermeister Wegele Str. 12<br \/>\nD-86167 Augsburg<br \/>\n<a href=\"http:\/\/www.c-i-v.de\/\">www.c-i-v.de<\/a><br \/>\nFon: +49 821 450 16-570<br \/>\nFax: +49 821 450 16- 571<br \/>\nMobil: +49 151 461 33 238<br \/>\nHRB\u00a0 30882 Augsburg<\/p>\n<p><strong>Auditoren:<\/strong><\/p>\n<ul>\n<li><a href=\"http:\/\/www.mykessel.com\/blog\/wp-content\/uploads\/2012\/08\/Markus-Koell-Bild-Klein.jpg\"><img loading=\"lazy\" decoding=\"async\" class=\"alignleft size-medium wp-image-707\" alt=\"Markus Koell Bild Klein\" src=\"http:\/\/www.mykessel.com\/blog\/wp-content\/uploads\/2012\/08\/Markus-Koell-Bild-Klein-225x300.jpg\" width=\"45\" height=\"245\" \/><\/a><a title=\"Markus K\u00f6ll\" href=\"http:\/\/www.mykessel.com\/blog\/?page_id=706\">Markus K\u00f6ll<\/a><\/li>\n<\/ul>\n<p>&nbsp;<\/p>\n<ul>\n<li><a href=\"http:\/\/www.mykessel.com\/blog\/wp-content\/uploads\/2013\/02\/Rolf-Manninger.jpg\"><img loading=\"lazy\" decoding=\"async\" class=\"alignleft size-medium wp-image-1408\" alt=\"Rolf Manninger\" src=\"http:\/\/www.mykessel.com\/blog\/wp-content\/uploads\/2013\/02\/Rolf-Manninger-300x300.jpg\" width=\"47\" height=\"53\" \/><\/a><a title=\"Rolf Maninger\" href=\"http:\/\/www.mykessel.com\/blog\/?page_id=1407\">Rolf Maninger<\/a><\/li>\n<\/ul>\n<p>&nbsp;<\/p>\n<ul>\n<li><a href=\"http:\/\/www.mykessel.com\/blog\/wp-content\/uploads\/2013\/02\/Peter-Gille.jpg\"><img loading=\"lazy\" decoding=\"async\" class=\"alignleft size-full wp-image-1417\" alt=\"Peter Gille\" src=\"http:\/\/www.mykessel.com\/blog\/wp-content\/uploads\/2013\/02\/Peter-Gille.jpg\" width=\"46\" height=\"176\" \/><\/a><a title=\"Peter Gille\" href=\"http:\/\/www.mykessel.com\/blog\/?page_id=1416\">Peter Gille<\/a><\/li>\n<\/ul>\n<p>&nbsp;<\/p>\n<h2><strong>Schweiz &amp; Lichtenstein<\/strong><\/h2>\n<ul>\n<li><a title=\"Markus K\u00f6ll\" href=\"http:\/\/www.mykessel.com\/blog\/?page_id=706\">Markus K\u00f6ll<\/a><\/li>\n<\/ul>\n<p>&nbsp;<\/p>\n<p><strong>Achtung: <\/strong>Derzeit suchen wir noch Auditoren f\u00fcr \u00d6sterreich, Deutschland, Schweiz, S\u00fcd-Tirol und Lichtenstein. Wir richten uns an selbst\u00e4ndige Unternehmensberater, Coaches und Qualit\u00e4tsbeauftragte oder F\u00fchrungskr\u00e4fte aus der Gemeinschaftsverpflegung, die sich selbstst\u00e4ndig machen wollen. Aber auch K\u00fcchenleiterInnen die nebenbei etwas dazu verdienen wollen und gerne ihre Kollegen unterst\u00fctzen wollen, sind herzlich eingeladen.<\/p>\n<p>Als Auditor sind sie f\u00fcr die Zertifizierung nach dem <a title=\"M&amp;M Zertifizierung\" href=\"http:\/\/www.mykessel.com\/blog\/?page_id=800\"><strong>M<\/strong><\/a><strong>&amp;<\/strong><a title=\"M&amp;M Zertifizierung\" href=\"http:\/\/www.mykessel.com\/blog\/?page_id=800\"><strong>M<\/strong><\/a><strong><a title=\"M&amp;M Zertifizierung\" href=\"http:\/\/www.mykessel.com\/blog\/?page_id=800\"> System<\/a><sup>\u00ae<\/sup><\/strong> von Gro\u00dfk\u00fcchen verantwortlich und f\u00fcr die pers\u00f6nliche Beratung der Kunde.<\/p>\n<p>Mehr Info finden Sie <a title=\"Partnerprogramm\" href=\"http:\/\/www.mykessel.com\/blog\/?page_id=1333\">hier<\/a>.<\/p>\n<p>&nbsp;<\/p>\n","protected":false},"excerpt":{"rendered":"<p>Pemcon &amp; Partner Verbundenheit &amp; Wachstum bedeutet miteinander besser zu werden. Sich gemeinsam f\u00fcr eine bessere Welt einzusetzen und zusammen Erfolge zu feiern. Eine Partnerschaft mit gleichdenkenden Menschen, die f\u00fcr dieselben Werte k\u00e4mpfen, sich gegenseitig unterst\u00fctzen und erg\u00e4nzen, so eine &hellip; <a href=\"https:\/\/www.mykessel.com\/blog\/?page_id=515\">Weiterlesen <span class=\"meta-nav\">&rarr;<\/span><\/a><\/p>\n","protected":false},"author":54,"featured_media":0,"parent":0,"menu_order":3,"comment_status":"closed","ping_status":"closed","template":"","meta":{"footnotes":""},"_links":{"self":[{"href":"https:\/\/www.mykessel.com\/blog\/index.php?rest_route=\/wp\/v2\/pages\/515"}],"collection":[{"href":"https:\/\/www.mykessel.com\/blog\/index.php?rest_route=\/wp\/v2\/pages"}],"about":[{"href":"https:\/\/www.mykessel.com\/blog\/index.php?rest_route=\/wp\/v2\/types\/page"}],"author":[{"embeddable":true,"href":"https:\/\/www.mykessel.com\/blog\/index.php?rest_route=\/wp\/v2\/users\/54"}],"replies":[{"embeddable":true,"href":"https:\/\/www.mykessel.com\/blog\/index.php?rest_route=%2Fwp%2Fv2%2Fcomments&post=515"}],"version-history":[{"count":68,"href":"https:\/\/www.mykessel.com\/blog\/index.php?rest_route=\/wp\/v2\/pages\/515\/revisions"}],"predecessor-version":[{"id":2655,"href":"https:\/\/www.mykessel.com\/blog\/index.php?rest_route=\/wp\/v2\/pages\/515\/revisions\/2655"}],"wp:attachment":[{"href":"https:\/\/www.mykessel.com\/blog\/index.php?rest_route=%2Fwp%2Fv2%2Fmedia&parent=515"}],"curies":[{"name":"wp","href":"https:\/\/api.w.org\/{rel}","templated":true}]}}