      
            
      {"id":1906,"date":"2013-09-26T15:40:55","date_gmt":"2013-09-26T14:40:55","guid":{"rendered":"http:\/\/www.mykessel.com\/blog\/?page_id=1906"},"modified":"2019-10-03T12:08:57","modified_gmt":"2019-10-03T11:08:57","slug":"in-der-presse","status":"publish","type":"page","link":"https:\/\/www.mykessel.com\/blog\/?page_id=1906","title":{"rendered":"In der Presse"},"content":{"rendered":"<p><a href=\"https:\/\/www.meinbezirk.at\/kitzbuehel\/c-lokales\/gesund-essen-im-altenwohnheim-kitzbuehel_a3655233#gallery=null\">Gesund essen im Altenwohnheim Kitzb\u00fchel<\/a><br \/>\n<a href=\"http:\/\/www.lebensweltheim.at\/images\/pressemeldungen\/0720_LWH_71_Heimkchen.pdf\">Seniorendienste \u00bbSt. Martin\u00ab in Urloffen hat sich erneut einer freiwilligen externen Zertifizierung gestellt und mit Bravour abgeschnitten.<br \/>\nDie Besten Heimk\u00fcchen<\/a><br \/>\n<a href=\"https:\/\/tirol.orf.at\/news\/stories\/2777727\/\">\u201eHaubenk\u00fcche\u201c in Neustifter Altersheim<\/a><br \/>\n<a href=\"http:\/\/www.mykessel.com\/blog\/wp-content\/uploads\/2014\/07\/Pressemitteilung-WMF.pdf\">WMF Betriebsrestaurant das Zweitbeste in Deutschland<\/a><br \/>\n<a href=\"http:\/\/www.mykessel.com\/blog\/wp-content\/uploads\/2014\/06\/Pressebericht2014.pdf\">Pflegeheim Badenstedt erh\u00e4lt Bestnote<\/a><br \/>\n<a title=\"Landesklinikum Hochegg hat beste Krankenhausk\u00fcche\" href=\"http:\/\/www.hotel-gv-praxis.at\/index.php?id=143&amp;rid=f_12602&amp;mid=384&amp;aC=01eb099a&amp;jumpurl=6\">Landesklinikum Hochegg hat beste Krankenhausk\u00fcche<\/a><br \/>\n<a href=\"http:\/\/www.mykessel.com\/blog\/wp-content\/uploads\/2013\/10\/AWO-Coburg-Wochenspiegel.jpg\">AWO K\u00fcche nach &#8222;MyKessel&#8220; zertifiziert<\/a><br \/>\n<a href=\"http:\/\/www.infranken.de\/regional\/coburg\/Kueche-im-Awo-Seniorenheim-erhaelt-Auszeichnung-fuer-Qualitaet;art214,543619\">K\u00fcche im Awo-Seniorenheim erh\u00e4lt Auszeichnung f\u00fcr Qualit\u00e4t<\/a><br \/>\n<a href=\"http:\/\/www.mykessel.com\/blog\/wp-content\/uploads\/2013\/10\/WMF-Betriebskantine-ausgezeichnet.pdf\">WMF-Kantine ausgezeichnet<\/a><br \/>\n<a href=\"http:\/\/www.mykessel.com\/blog\/wp-content\/uploads\/2013\/08\/Erstes-Pilot-Objekt-zertifiziert-Note-Sehr-gut.pdf\">vivanti Sch\u00f6ck bekommt die Note &#8222;sehr gut&#8220;<\/a><br \/>\n<a href=\"http:\/\/www.schoeck-blog.de\/2013\/08\/topfgucker\/#more-8641\">Sch\u00f6ck Blog<\/a>-Topfkucker<br \/>\n<a href=\"http:\/\/www.mykessel.com\/blog\/wp-content\/uploads\/2013\/09\/Campus-Culinair.jpg\">Vortrag Campus Culinair<\/a><br \/>\n<a href=\"http:\/\/www.mykessel.com\/blog\/wp-content\/uploads\/2012\/08\/PH-Matrei.jpg\">Pflegeheim Matrei geh\u00f6rt zu den Beste<\/a><br \/>\n<a href=\"http:\/\/www.augsburger-allgemeine.de\/augsburg\/Fuenf-Kessel-fuer-die-MAN-Kantine-id24616171.html\">MAN Diesel in Augsburg-beste Kantine Deutschlands<\/a><\/p>\n<p>&nbsp;<\/p>\n","protected":false},"excerpt":{"rendered":"<p>Gesund essen im Altenwohnheim Kitzb\u00fchel Seniorendienste \u00bbSt. Martin\u00ab in Urloffen hat sich erneut einer freiwilligen externen Zertifizierung gestellt und mit Bravour abgeschnitten. Die Besten Heimk\u00fcchen \u201eHaubenk\u00fcche\u201c in Neustifter Altersheim WMF Betriebsrestaurant das Zweitbeste in Deutschland Pflegeheim Badenstedt erh\u00e4lt Bestnote Landesklinikum &hellip; <a href=\"https:\/\/www.mykessel.com\/blog\/?page_id=1906\">Weiterlesen <span class=\"meta-nav\">&rarr;<\/span><\/a><\/p>\n","protected":false},"author":54,"featured_media":0,"parent":1520,"menu_order":4,"comment_status":"open","ping_status":"closed","template":"","meta":{"footnotes":""},"_links":{"self":[{"href":"https:\/\/www.mykessel.com\/blog\/index.php?rest_route=\/wp\/v2\/pages\/1906"}],"collection":[{"href":"https:\/\/www.mykessel.com\/blog\/index.php?rest_route=\/wp\/v2\/pages"}],"about":[{"href":"https:\/\/www.mykessel.com\/blog\/index.php?rest_route=\/wp\/v2\/types\/page"}],"author":[{"embeddable":true,"href":"https:\/\/www.mykessel.com\/blog\/index.php?rest_route=\/wp\/v2\/users\/54"}],"replies":[{"embeddable":true,"href":"https:\/\/www.mykessel.com\/blog\/index.php?rest_route=%2Fwp%2Fv2%2Fcomments&post=1906"}],"version-history":[{"count":21,"href":"https:\/\/www.mykessel.com\/blog\/index.php?rest_route=\/wp\/v2\/pages\/1906\/revisions"}],"predecessor-version":[{"id":2986,"href":"https:\/\/www.mykessel.com\/blog\/index.php?rest_route=\/wp\/v2\/pages\/1906\/revisions\/2986"}],"up":[{"embeddable":true,"href":"https:\/\/www.mykessel.com\/blog\/index.php?rest_route=\/wp\/v2\/pages\/1520"}],"wp:attachment":[{"href":"https:\/\/www.mykessel.com\/blog\/index.php?rest_route=%2Fwp%2Fv2%2Fmedia&parent=1906"}],"curies":[{"name":"wp","href":"https:\/\/api.w.org\/{rel}","templated":true}]}}