      
            
      {"id":1416,"date":"2013-02-22T09:02:04","date_gmt":"2013-02-22T08:02:04","guid":{"rendered":"http:\/\/www.mykessel.com\/blog\/?page_id=1416"},"modified":"2013-03-04T11:32:57","modified_gmt":"2013-03-04T10:32:57","slug":"peter-gille","status":"publish","type":"page","link":"https:\/\/www.mykessel.com\/blog\/?page_id=1416","title":{"rendered":"Peter Gille"},"content":{"rendered":"<p><a href=\"http:\/\/www.mykessel.com\/blog\/wp-content\/uploads\/2013\/02\/Peter-Gille.jpg\"><img loading=\"lazy\" decoding=\"async\" class=\"alignleft size-full wp-image-1417\" title=\"Peter Gille\" alt=\"\" src=\"http:\/\/www.mykessel.com\/blog\/wp-content\/uploads\/2013\/02\/Peter-Gille.jpg\" width=\"204\" height=\"255\" \/><\/a>Peter Gille hat sich als Qualit\u00e4tsmanager mit seiner Beratungsfirma PGQM in Raum Bremen, erfolgreich selbstst\u00e4ndig gemacht. Als K\u00fcchenmeister und\u00a0Auditor, wird Herr Gille eine wertvolle Erg\u00e4nzung im M&amp;M Auditorenteam sein. \u00a0Ob Altersheim, Betriebsrestaurant oder Krankenhausk\u00fcche, die Qualit\u00e4t und das Wohl der Mitarbeiter stehen bei Ihm, immer an oberste Stelle. Seine langj\u00e4hrige Erfahrung im Management und die Auseinandersetzung mit Kennzahlen, sorgen f\u00fcr den n\u00f6tigen Durchblick und helfen seinen Kunden kontinuierlich besser zu werden.<\/p>\n<p><strong>Kontakt:<\/strong><br \/>\nAm Triften 72<br \/>\n28876 Oyten<br \/>\nTel. 04207 98 81 85<br \/>\nFax 04207 98 81 86<br \/>\nmobil 0171 79 46 13 2<br \/>\n<a href=\"mailto:petergille@web.de\">petergille@web.de<\/a><br \/>\n<a href=\"http:\/\/www.pgqm.de\" target=\"_blank\">www.pgqm.de<\/a><\/p>\n","protected":false},"excerpt":{"rendered":"<p>Peter Gille hat sich als Qualit\u00e4tsmanager mit seiner Beratungsfirma PGQM in Raum Bremen, erfolgreich selbstst\u00e4ndig gemacht. Als K\u00fcchenmeister und\u00a0Auditor, wird Herr Gille eine wertvolle Erg\u00e4nzung im M&amp;M Auditorenteam sein. \u00a0Ob Altersheim, Betriebsrestaurant oder Krankenhausk\u00fcche, die Qualit\u00e4t und das Wohl der &hellip; <a href=\"https:\/\/www.mykessel.com\/blog\/?page_id=1416\">Weiterlesen <span class=\"meta-nav\">&rarr;<\/span><\/a><\/p>\n","protected":false},"author":54,"featured_media":0,"parent":515,"menu_order":7,"comment_status":"open","ping_status":"closed","template":"","meta":{"footnotes":""},"_links":{"self":[{"href":"https:\/\/www.mykessel.com\/blog\/index.php?rest_route=\/wp\/v2\/pages\/1416"}],"collection":[{"href":"https:\/\/www.mykessel.com\/blog\/index.php?rest_route=\/wp\/v2\/pages"}],"about":[{"href":"https:\/\/www.mykessel.com\/blog\/index.php?rest_route=\/wp\/v2\/types\/page"}],"author":[{"embeddable":true,"href":"https:\/\/www.mykessel.com\/blog\/index.php?rest_route=\/wp\/v2\/users\/54"}],"replies":[{"embeddable":true,"href":"https:\/\/www.mykessel.com\/blog\/index.php?rest_route=%2Fwp%2Fv2%2Fcomments&post=1416"}],"version-history":[{"count":4,"href":"https:\/\/www.mykessel.com\/blog\/index.php?rest_route=\/wp\/v2\/pages\/1416\/revisions"}],"predecessor-version":[{"id":1448,"href":"https:\/\/www.mykessel.com\/blog\/index.php?rest_route=\/wp\/v2\/pages\/1416\/revisions\/1448"}],"up":[{"embeddable":true,"href":"https:\/\/www.mykessel.com\/blog\/index.php?rest_route=\/wp\/v2\/pages\/515"}],"wp:attachment":[{"href":"https:\/\/www.mykessel.com\/blog\/index.php?rest_route=%2Fwp%2Fv2%2Fmedia&parent=1416"}],"curies":[{"name":"wp","href":"https:\/\/api.w.org\/{rel}","templated":true}]}}