      
            
      {"id":1407,"date":"2013-02-22T08:40:04","date_gmt":"2013-02-22T07:40:04","guid":{"rendered":"http:\/\/www.mykessel.com\/blog\/?page_id=1407"},"modified":"2019-06-27T09:51:28","modified_gmt":"2019-06-27T08:51:28","slug":"rolf-maninger","status":"publish","type":"page","link":"https:\/\/www.mykessel.com\/blog\/?page_id=1407","title":{"rendered":"Rolf Maninger"},"content":{"rendered":"<p><a href=\"http:\/\/www.mykessel.com\/blog\/wp-content\/uploads\/2013\/02\/Rolf-Manninger.jpg\"><img loading=\"lazy\" decoding=\"async\" class=\"alignleft size-medium wp-image-1408\" title=\"Rolf Manninger\" alt=\"\" src=\"http:\/\/www.mykessel.com\/blog\/wp-content\/uploads\/2013\/02\/Rolf-Manninger-300x300.jpg\" width=\"300\" height=\"300\" srcset=\"https:\/\/www.mykessel.com\/blog\/wp-content\/uploads\/2013\/02\/Rolf-Manninger-300x300.jpg 300w, https:\/\/www.mykessel.com\/blog\/wp-content\/uploads\/2013\/02\/Rolf-Manninger-150x150.jpg 150w, https:\/\/www.mykessel.com\/blog\/wp-content\/uploads\/2013\/02\/Rolf-Manninger.jpg 304w\" sizes=\"(max-width: 300px) 100vw, 300px\" \/><\/a>Rolf Maninger, geboren im Herzen des Ruhrgebiets, in Recklinghausen, absolvierte nach dem Schulabschluss eine Ausbildung zum Einzelhandelsverk\u00e4ufer, um danach noch die Ausbildung zum Koch abzulegen. 1975 folgte die Pr\u00fcfung als K\u00fcchenmeister vor der IHK in Braunschweig. Doch auch dies reichte Herrn Maninger noch lange nicht: 1978 legte er die Pr\u00fcfung zum geschulten Di\u00e4tkoch ab und dazu bestand er die Qualifikation zum \u201eFachberater f\u00fcr Deutschen Wein\u201c im Weininstitut in Mainz.<\/p>\n<p>Nach 14 Jahren Gastronomie in verschiedenen Regionen und Betrieben, folgten die ersten Schritte in die Gemeinschaftsverpflegung &#8211; in eine Senioren Residenz und einer Reha-Klinik. Anschlie\u00dfend vertiefte Herr Maninger einige Jahre bei den drei gr\u00f6\u00dften Catering\u2013Unternehmen in Deutschland seine GV-Kenntnisse in verschiedenen Positionen wie Betriebsleiter, Gebietsleiter und Verkaufsleiter.<\/p>\n<p>Aktuell wirkt Herr Maninger als Gebietsleiter f\u00fcr NRW der Einkaufskooperation PROSUM GmbH, wo er zus\u00e4tzlich sein umfangreiches Wissen als M&amp;M Auditor einsetzen wird.<\/p>\n<p><strong>Rolf Maninger<\/strong><br \/>\nPr\u00e4sident IKSV \/ internationale K\u00fcchen &#8211; und Serviermeistervereinigung<br \/>\nund aller Meister des Gastgewerbes e.V.<br \/>\nIm Stadtfelde 1<br \/>\n31655\u00a0 STADTHAGEN<\/p>\n<p>Tel: + Fax: 05721 \/\u00a0 99 84 005<br \/>\nMobil: +49 1573 &#8211; 40 74 790<br \/>\nE-Mail: RM.maninger@live.de<\/p>\n","protected":false},"excerpt":{"rendered":"<p>Rolf Maninger, geboren im Herzen des Ruhrgebiets, in Recklinghausen, absolvierte nach dem Schulabschluss eine Ausbildung zum Einzelhandelsverk\u00e4ufer, um danach noch die Ausbildung zum Koch abzulegen. 1975 folgte die Pr\u00fcfung als K\u00fcchenmeister vor der IHK in Braunschweig. Doch auch dies reichte &hellip; <a href=\"https:\/\/www.mykessel.com\/blog\/?page_id=1407\">Weiterlesen <span class=\"meta-nav\">&rarr;<\/span><\/a><\/p>\n","protected":false},"author":54,"featured_media":0,"parent":515,"menu_order":6,"comment_status":"open","ping_status":"closed","template":"","meta":{"footnotes":""},"_links":{"self":[{"href":"https:\/\/www.mykessel.com\/blog\/index.php?rest_route=\/wp\/v2\/pages\/1407"}],"collection":[{"href":"https:\/\/www.mykessel.com\/blog\/index.php?rest_route=\/wp\/v2\/pages"}],"about":[{"href":"https:\/\/www.mykessel.com\/blog\/index.php?rest_route=\/wp\/v2\/types\/page"}],"author":[{"embeddable":true,"href":"https:\/\/www.mykessel.com\/blog\/index.php?rest_route=\/wp\/v2\/users\/54"}],"replies":[{"embeddable":true,"href":"https:\/\/www.mykessel.com\/blog\/index.php?rest_route=%2Fwp%2Fv2%2Fcomments&post=1407"}],"version-history":[{"count":9,"href":"https:\/\/www.mykessel.com\/blog\/index.php?rest_route=\/wp\/v2\/pages\/1407\/revisions"}],"predecessor-version":[{"id":2953,"href":"https:\/\/www.mykessel.com\/blog\/index.php?rest_route=\/wp\/v2\/pages\/1407\/revisions\/2953"}],"up":[{"embeddable":true,"href":"https:\/\/www.mykessel.com\/blog\/index.php?rest_route=\/wp\/v2\/pages\/515"}],"wp:attachment":[{"href":"https:\/\/www.mykessel.com\/blog\/index.php?rest_route=%2Fwp%2Fv2%2Fmedia&parent=1407"}],"curies":[{"name":"wp","href":"https:\/\/api.w.org\/{rel}","templated":true}]}}