      
            
      {"id":1040,"date":"2012-10-08T13:41:18","date_gmt":"2012-10-08T12:41:18","guid":{"rendered":"http:\/\/www.mykessel.com\/blog\/?page_id=1040"},"modified":"2013-03-09T11:16:03","modified_gmt":"2013-03-09T10:16:03","slug":"shop","status":"publish","type":"page","link":"https:\/\/www.mykessel.com\/blog\/?page_id=1040","title":{"rendered":"Shop"},"content":{"rendered":"<h2><strong><a href=\"http:\/\/www.mykessel.com\/blog\/wp-content\/uploads\/2012\/10\/K-aufnaeher.jpg\"><img loading=\"lazy\" decoding=\"async\" class=\"alignleft size-medium wp-image-1041\" title=\"K-aufnaeher\" alt=\"\" src=\"http:\/\/www.mykessel.com\/blog\/wp-content\/uploads\/2012\/10\/K-aufnaeher-300x189.jpg\" width=\"300\" height=\"189\" srcset=\"https:\/\/www.mykessel.com\/blog\/wp-content\/uploads\/2012\/10\/K-aufnaeher-300x189.jpg 300w, https:\/\/www.mykessel.com\/blog\/wp-content\/uploads\/2012\/10\/K-aufnaeher.jpg 500w\" sizes=\"(max-width: 300px) 100vw, 300px\" \/><\/a>Kessel-Aufn\u00e4her<\/strong><\/h2>\n<p>Der Kesselaufn\u00e4her ist die sichtbare Auszeichnung f\u00fcr die geleistete Arbeit \u2013 f\u00fcr sich und Ihr Team. Vorrausetzung ist die Erst-Zertifizierung.<\/p>\n<p>Preis \u20ac 4,&#8211;\/St\u00fcck zzgl. MwSt.<\/p>\n<p>&nbsp;<\/p>\n<p>________________________________________________________________<\/p>\n<p>&nbsp;<\/p>\n<h2><span style=\"text-decoration: underline;\"><a href=\"http:\/\/www.mykessel.com\/blog\/wp-content\/uploads\/2012\/10\/atpgeraet.jpg\"><img loading=\"lazy\" decoding=\"async\" class=\"alignleft size-medium wp-image-1042\" title=\"atpgeraet\" alt=\"\" src=\"http:\/\/www.mykessel.com\/blog\/wp-content\/uploads\/2012\/10\/atpgeraet-226x300.jpg\" width=\"226\" height=\"300\" srcset=\"https:\/\/www.mykessel.com\/blog\/wp-content\/uploads\/2012\/10\/atpgeraet-226x300.jpg 226w, https:\/\/www.mykessel.com\/blog\/wp-content\/uploads\/2012\/10\/atpgeraet.jpg 481w\" sizes=\"(max-width: 226px) 100vw, 226px\" \/><\/a><\/span><strong>Lumitester PD 20<\/strong><\/h2>\n<p>Wie misst man eigentlich Hygiene?<br \/>\nPemcon bietet mit dem ATP-Mat und ATP-Swab das preiswerteste Luminometer am Markt an.<\/p>\n<p>Luminometer messen die Keimzahlen auf Oberfl\u00e4chen und stellen damit ein ideales Hygienemessverfahren dar.<\/p>\n<p>Es besticht durch einfache Handhabung, Genauigkeit und ein unschlagbares Preis-Leistungsverh\u00e4ltnis.<br \/>\nDaher haben wir von <em><strong>pemcon<\/strong><\/em> uns entschlossen Ihnen dieses Ger\u00e4t auf unserer Homepage anzubieten.<\/p>\n<p>Die Bedeutung der Hygiene steigt von Jahr zu Jahr. Daher wird es auch immer wichtiger effektive Kontrollen in der Produktion einzubauen. Das sch\u00fctzt die Essensteilnehmer sowie Mitarbeiter und tr\u00e4gt zur Qualit\u00e4t der Speisen bei.<\/p>\n<p>Der Lieferumfang enth\u00e4lt:<br \/>\n+ Tasche<br \/>\n+ 2 Stk. Batterien<br \/>\n+ Bedienungsanleitung<br \/>\n+ Synchronisationskabel<\/p>\n<p>Preis: \u20ac 995,&#8211; zzgl MwSt.<\/p>\n<p><a href=\"http:\/\/www.mykessel.com\/blog\/wp-content\/uploads\/2013\/03\/Lumitester.pdf\">Lumitester<\/a> Prospekt<\/p>\n<p>_____________________________________________________________<\/p>\n<h2><a href=\"http:\/\/www.mykessel.com\/blog\/wp-content\/uploads\/2012\/10\/produk11.jpg\"><img loading=\"lazy\" decoding=\"async\" class=\"alignleft size-medium wp-image-1043\" title=\"produk11\" alt=\"\" src=\"http:\/\/www.mykessel.com\/blog\/wp-content\/uploads\/2012\/10\/produk11-300x225.jpg\" width=\"300\" height=\"225\" srcset=\"https:\/\/www.mykessel.com\/blog\/wp-content\/uploads\/2012\/10\/produk11-300x225.jpg 300w, https:\/\/www.mykessel.com\/blog\/wp-content\/uploads\/2012\/10\/produk11.jpg 641w\" sizes=\"(max-width: 300px) 100vw, 300px\" \/><\/a>Lumitester Testst\u00e4bchen &#8222;Ultra Snap&#8220; 100 St\u00fcck<\/h2>\n<p>Mit den Testst\u00e4bchen werden die Keime von den Oberfl\u00e4chen aufgenommen und<\/p>\n<p>anschlie\u00dfend im System Sure Ger\u00e4t ausgewertet. Die Testst\u00e4bchen enthalten eine Salzwasserl\u00f6sung und sind v\u00f6llig chemiefrei.<\/p>\n<p>Preis: 100 St\u00fcck f\u00fcr \u20ac 299,&#8211; zzgl. MwSt.<\/p>\n<p>_______________________________________________________________<\/p>\n<p>&nbsp;<\/p>\n<p><script type=\"text\/javascript\">\/\/ <![CDATA[\n\n\n  var _gaq = _gaq || [];\n  _gaq.push(['_setAccount', 'UA-36046944-1']);\n  _gaq.push(['_trackPageview']);\n\n  (function() {\n    var ga = document.createElement('script'); ga.type = 'text\/javascript'; ga.async = true;\n    ga.src = ('https:' == document.location.protocol ? 'https:\/\/ssl' : 'http:\/\/www') + '.google-analytics.com\/ga.js';\n    var s = document.getElementsByTagName('script')[0]; s.parentNode.insertBefore(ga, s);\n  })();\n\n\/\/ ]]><\/script><\/p>\n","protected":false},"excerpt":{"rendered":"<p>Kessel-Aufn\u00e4her Der Kesselaufn\u00e4her ist die sichtbare Auszeichnung f\u00fcr die geleistete Arbeit \u2013 f\u00fcr sich und Ihr Team. Vorrausetzung ist die Erst-Zertifizierung. Preis \u20ac 4,&#8211;\/St\u00fcck zzgl. MwSt. &nbsp; ________________________________________________________________ &nbsp; Lumitester PD 20 Wie misst man eigentlich Hygiene? Pemcon bietet mit &hellip; <a href=\"https:\/\/www.mykessel.com\/blog\/?page_id=1040\">Weiterlesen <span class=\"meta-nav\">&rarr;<\/span><\/a><\/p>\n","protected":false},"author":54,"featured_media":0,"parent":0,"menu_order":9,"comment_status":"open","ping_status":"closed","template":"","meta":{"footnotes":""},"_links":{"self":[{"href":"https:\/\/www.mykessel.com\/blog\/index.php?rest_route=\/wp\/v2\/pages\/1040"}],"collection":[{"href":"https:\/\/www.mykessel.com\/blog\/index.php?rest_route=\/wp\/v2\/pages"}],"about":[{"href":"https:\/\/www.mykessel.com\/blog\/index.php?rest_route=\/wp\/v2\/types\/page"}],"author":[{"embeddable":true,"href":"https:\/\/www.mykessel.com\/blog\/index.php?rest_route=\/wp\/v2\/users\/54"}],"replies":[{"embeddable":true,"href":"https:\/\/www.mykessel.com\/blog\/index.php?rest_route=%2Fwp%2Fv2%2Fcomments&post=1040"}],"version-history":[{"count":7,"href":"https:\/\/www.mykessel.com\/blog\/index.php?rest_route=\/wp\/v2\/pages\/1040\/revisions"}],"predecessor-version":[{"id":1480,"href":"https:\/\/www.mykessel.com\/blog\/index.php?rest_route=\/wp\/v2\/pages\/1040\/revisions\/1480"}],"wp:attachment":[{"href":"https:\/\/www.mykessel.com\/blog\/index.php?rest_route=%2Fwp%2Fv2%2Fmedia&parent=1040"}],"curies":[{"name":"wp","href":"https:\/\/api.w.org\/{rel}","templated":true}]}}